uppose 5*h - r - z = 2*h, -2*h + 148 = -2*r. Is h prime?
True
Suppose 0*f + 13 = 4*f + 3*b, 1 = -b. Suppose 3 = 3*c - 6, -5*c = f*u - 4259. Is u a prime number?
True
Let r(d) be the second derivative of -16*d**3/3 + 21*d**2/2 + 14*d. Is r(-11) a prime number?
True
Let h be 4/20 + (-36)/(-20). Suppose 4*k + 69 - 337 = 3*c, -134 = -h*k - 2*c. Is k a prime number?
True
Suppose 0 = -5*d, -39896 = -4*m + 30*d - 25*d. Is m a prime number?
False
Suppose -5*d + 2*x - 45 - 100 = 0, -3*d - 87 = 5*x. Let w be (399 - 0)/3 + -1. Let y = w - d. Is y prime?
False
Suppose -335 = -2*d - 3*d. Suppose 0 = -19*f + 18*f + d. Is f a prime number?
True
Suppose -r + 98757 = 4*l, 2*l + 74065 = 5*l - 2*r. Is l a prime number?
False
Suppose 0 = -11*o + 14*o - 26751. Is o composite?
True
Let h = -4549 - -6588. Is h a prime number?
True
Let g(l) be the second derivative of -62*l**3/3 + 11*l**2/2 + 19*l. Is g(-5) composite?
False
Suppose -43*i = -i - 1035678. Is i a composite number?
False
Let o = 1871 + 2382. Let d = o - 2346. Is d a composite number?
False
Is (138/(-23))/(6/(-4083)) a composite number?
True
Let a(r) = 265*r**2 - 21*r - 59. Is a(-4) prime?
False
Suppose 0 = 4*s - 2*g + 78, -4*s + 3*s = 4*g + 15. Let y(x) = x**2 + 3*x - 8. Let j be y(5). Let n = j + s. Is n prime?
True
Suppose 4*l - q - 78644 = 0, 2*l + 3*q - 23268 = 16054. Is l prime?
True
Let z(g) = 391*g - 3. Let u be z(1). Let b = 813 + u. Is b a composite number?
False
Let y = -184 + 384. Suppose 4*u = -2*c + 370, 9*u = 7*u + 2*c + y. Is u prime?
False
Let m = -4477 + 9191. Is m a composite number?
True
Suppose -3*p + 24 = -3*u, -7 = -u - 7*p + 3*p. Let o(a) be the second derivative of -a**5/10 - 7*a**4/12 + a**2 - 17*a. Is o(u) a prime number?
False
Let b = 4291 + 798. Is b a composite number?
True
Let c(v) = -26*v**3 - 3*v**2 - 9*v + 1. Is c(-6) composite?
False
Let f be 2*18/(-30)*(-5 + 0). Is 40/12*369/f composite?
True
Let b be (-5)/((-15)/6) - -997. Suppose 5*p - b + 199 = 0. Let o = p - 71. Is o prime?
True
Let u(d) = -10*d**3 + d**2 + 12*d + 15. Is u(-4) a composite number?
True
Let y = -18 - -24. Suppose 11405 - 359 = y*c. Is c prime?
False
Let k(x) be the third derivative of -841*x**4/24 - 8*x**3/3 - 3*x**2 + 10*x. Is k(-3) composite?
True
Suppose -4*a + 5*r = 205, 4*a + 201 = -0*r + r. Let b = a - -25. Is (-10020)/b - 2/(-10) composite?
False
Suppose -22700 = -5*f + u, -11421 - 11294 = -5*f - 2*u. Is f composite?
True
Let v be (-244)/(-4) + (-6)/(-2). Suppose -3*c + 688 = v. Suppose c + 355 = w. Is w a prime number?
True
Let t be (1/3)/(-6 - -7)*-39. Let s = 112 + -44. Let r = t + s. Is r a prime number?
False
Let t be 7 + -4 - 2/(-1). Let v = -1 + t. Is v prime?
False
Is (-45)/150 - (-44873)/10 a composite number?
True
Let w(v) = -151*v + 30. Let u be w(-5). Let q = -144 + u. Is q prime?
True
Let m = 1034 + -283. Is m prime?
True
Let s(l) = 0 - 5*l + 6*l - 7. Let v be s(10). Suppose -5 = -v*r + 94. Is r composite?
True
Suppose 5*b + 70998 = 4*x, -5*x = 10*b - 6*b - 88727. Is x a prime number?
True
Suppose 2*l + 8 = 2*r - r, -3*l = -4*r + 22. Suppose r*n = 7*n - 174. Is n prime?
False
Suppose -109*i = -132*i + 137747. Is i a prime number?
False
Let l = 24268 - 16997. Is l a composite number?
True
Suppose 5*i = -193 - 347. Let w(r) = 5*r**2 + 3*r - 37. Let a be w(6). Let z = a + i. Is z a composite number?
False
Suppose 0 = 4*z + 2*z + 7650. Is z/(-10) + (-2)/4 composite?
False
Suppose -z = u - 4*z + 3, 4 = 5*u + 4*z. Suppose u*q - 5*m - 2949 = -2*q, -4 = -4*m. Is q a prime number?
False
Let d(o) = 9*o**3 - 8*o**2 + 9*o - 1. Let n be d(5). Suppose 0 = 2*q - n + 79. Is q a prime number?
False
Suppose 232*i - 240*i = -49264. Is i a composite number?
True
Let f(b) = 628*b**2 + b - 1. Let u be f(1). Let o = 1335 - u. Is o a prime number?
False
Let z(h) = 40*h**2 + 6*h + 5. Let m(w) = -w**2 - 2*w + 9. Let j be -2 + -3 + 4 + -2. Let k be m(j). Is z(k) prime?
True
Let m = 9110 - 223. Is m composite?
False
Suppose -12*d + 33395 = 3143. Let k = d - -1300. Is k composite?
False
Let f(k) = -k**2 - 9*k - 5. Let n be f(-6). Let x(j) = 17*j + 2. Is x(n) a composite number?
False
Let c(y) = 16125*y**2 + 7*y + 9. Is c(-1) composite?
False
Let t(l) = -181*l + 56*l + 18*l - 1 - 211*l. Is t(-4) composite?
True
Suppose -5*i - 3*w = 1094 - 4824, w = 3*i - 2252. Let p = 1612 - i. Is p a composite number?
False
Suppose -5*u - 14151 = 8199. Is ((-68)/12 + 6)/((-2)/u) a composite number?
True
Is (10658/(-3))/(226/(-339)) a prime number?
False
Let o(l) = 5030*l + 2. Let p be o(2). Is p/24 - 1/4 prime?
True
Let i(u) = 52*u**2 + 54*u - 24. Is i(-19) a prime number?
False
Let k = -8 - -6. Let d(t) be the first derivative of 12*t**3 + t**2 + t + 8. Is d(k) a prime number?
False
Suppose -3*o + 20 = 2*g, 4 = 4*o - 3*g - 17. Suppose -11*c + o*c = 4*t - 13801, 4 = t. Is c prime?
False
Suppose 4*p - 5*g = -59, -p - g + 37 = -3*p. Let f = -23 - p. Is (-95)/(-15) + f/(-3) a prime number?
True
Suppose -x - x = 4*c + 34, 0 = -5*x - 3*c - 57. Let s be -1 + -4 - 27/x. Is (4 - (s - -4))*17 composite?
True
Suppose 7*a + 18 = 9*a. Let s = a + -4. Suppose -146 = -4*y + 2*n, -n = s*y + 2*n - 155. Is y prime?
False
Is (-2)/16 - 395871/(-56) prime?
True
Let h(w) = w + 7. Let c be h(-7). Suppose c = 4*y - o - 1679, 0 = y + 3*o - 411 + 1. Is y a prime number?
True
Suppose 9 = 7*u - 4*u. Suppose -2*o + 3*l = -o, -5*o + u*l = -24. Is (-8)/o*222/(-4) prime?
False
Let s be (-1)/2 - (-9)/2. Suppose 4*r + 3*z - 298 = 125, -109 = -r - 4*z. Suppose -5*l = s*i - 144 - r, 3*l + 2*i = 151. Is l a composite number?
False
Let m(s) = s - 1. Let c be m(6). Suppose j + 5*i - 29 = 457, 2430 = 5*j - c*i. Suppose -4*w - 198 = -2*g, 0 = 5*g - 4*w + 3*w - j. Is g a composite number?
False
Let h(p) = -2*p**3 + 8*p**2 + p**3 - 3*p + 8 - 5*p. Let m be h(7). Is m*((3 - 0) + 128) a prime number?
True
Suppose 4*k - 128 = -2*c, c - 4*c + 6 = 0. Let q = -28 + k. Is q a composite number?
False
Let i(q) = -2 + 229*q + 4 - 1 + 2. Is i(4) prime?
True
Let g be ((-44)/6)/((-36)/1242). Is -1 - (-3 - g)/2 a composite number?
False
Let q(g) = g**3 - 11*g**2 - 12*g - 1. Let k be q(12). Let c(n) = 980*n**2 - 1. Is c(k) composite?
True
Suppose q = -0*q - 2, -3*q + 712 = -m. Is 1 - (-7)/((-7)/m) a composite number?
False
Let i = 2 + -8. Let n be 9/i*16/(-12). Suppose -n*r + 54 = 2*v, -3*v - 128 = -5*r - v. Is r prime?
False
Suppose 0*d + 3*d = -15. Is d/((-75)/5)*915 prime?
False
Let d be 15/2*(-14)/(-21). Suppose 0 = d*h - 200 - 725. Suppose 2*p + 3*p = h. Is p a composite number?
False
Suppose 4*t + 114 - 20 = 2*c, 0 = 3*c - 4*t - 147. Suppose -a + c = -117. Suppose -2*w + 4*v + a = 0, 5*w - 235 - 145 = -5*v. Is w a prime number?
True
Let w = -16 + 21. Suppose -2*s + m + w = -s, -s + 25 = -5*m. Suppose 3*v = -3*z - z + 2707, s = -z - 5*v + 664. Is z a composite number?
True
Suppose -2*d - 2*m = -168100, -8*d - 2*m - 84041 = -9*d. Is d composite?
False
Let o(k) = 223*k. Let m be o(5). Suppose 3*c = 4*c - m. Is c a composite number?
True
Let o(n) = 2*n**2 + 13*n + 9. Let z be o(-6). Suppose -r - l + 11 = 0, 2*r + 3*l = -z*r + 65. Let p = r - 6. Is p prime?
False
Let a(l) = -l**2 + 15*l - 8. Let k be a(8). Is 2/3 - k/(-36) a composite number?
False
Suppose 354 = 3*j - w - 82, -4*j = -4*w - 584. Is j a prime number?
False
Let h(y) = 1316*y. Let j be h(1). Suppose p + 9 = 5*t - 4*t, 2*p = -t - 3. Suppose j = t*a - a. Is a composite?
True
Let k be 2/(-9) - 4105/(-45). Let n = 107 - 75. Let u = k - n. Is u composite?
False
Suppose 0 = 5*l + 895 + 17055. Is (1 + l/(-4))*(-46)/(-69) a composite number?
False
Let r(m) = -2714*m**2 + 6*m - 6. Let g(s) = -s + 1. Let n(w) = -8*g(w) - r(w). Let o be n(1). Is o/6 + (-84)/63 prime?
False
Suppose 5*o - 10206 + 3211 = 0. Is o a composite number?
False
Let u = 0 + 1. Suppose 2*g = 4*q + q - u, -5 = g - q. Let m(a) = a**3 + 10*a**2 + 10*a - 11. Is m(g) a composite number?
False
Let b(s) = 2*s**2 + s - 1. Let x be b(2). Let u be 0*1/(x/(-3)). Suppose 5*k - 15 - 50 = u. Is k composite?
False
Suppose 5*k - 8*k = 3. Let r = -4 - k. Is (-2 - r)/((-2)/(-442)) a prime number?
False
Suppose 3*a + 0*a = 4*j - 25, -70 = -5*j - 4*a. Let v(g) = g - 6. Let d be v(j). Suppose -5*c + d*o + 138 = -213, -c + 2*o = -75. Is c a prime number?
True
Let x be (6/(-4)